e greatest common factor of 14 and z.
7
Let w = 45 - 49. Let f(u) = u + 8. Let k be f(w). Let c be k/(16/12)*20/6. What is the highest common factor of 80 and c?
10
Let m = -44 + 84. Suppose -5*p = -3*n + 344, -2*n + 208 = -m*p + 42*p. Calculate the greatest common divisor of 135 and n.
27
Let d be 5*4/(-4 - -8). Let p be 709/2 + d/(-2). Calculate the highest common divisor of 32 and p.
32
Suppose -5*a - 34*a + 20140 = 37*a. Suppose -g = -4*x + 37, -5*g = 4*x + 23 - 78. Calculate the highest common factor of a and x.
5
Let c = 8275 - 2663. What is the highest common divisor of 92 and c?
92
Suppose 18*f = 32*f - 112. Suppose -f*s - 875 = -13*s. What is the greatest common divisor of s and 105?
35
Suppose -2 - 3 = -5*n. Suppose -p + y = -4 - 3, 3 = p + 3*y. Suppose -3*a = -p, -5*d - 5 = -10*a + 5*a. What is the highest common factor of n and d?
1
Let r(n) = 525*n**2 - 10*n - 11. Let x be r(1). What is the highest common factor of x and 2072?
56
Suppose 2*g = 3*h + 71, 2*h - 36 - 66 = -4*g. Suppose 2*l + 4 - g = 0. Let v = l - 9. Calculate the greatest common divisor of 3 and v.
3
Let m(s) = s - 2*s + 18*s**2 - 4861*s**3 - s + 4862*s**3 - 1. Let x be m(-18). What is the greatest common divisor of 5 and x?
5
Let i be (23 - 6 - 15)/(2/15). Let l = -7 + 98. Suppose -5*s + 616 = l. What is the greatest common factor of i and s?
15
Let u = -339 + 336. Let l be ((-18)/(-15))/u - 27/(-5). Calculate the greatest common factor of 10 and l.
5
Let h be 3 + (-76)/28 + (-33294)/(-434). What is the greatest common divisor of h and 301?
7
Suppose 4*m + 1241 = 12*m + 393. Calculate the highest common factor of 1431 and m.
53
Suppose -621*l - 612*l + 110300 = -1213*l. Calculate the highest common divisor of l and 5.
5
Let q(g) = -10*g**3 - 4*g**2 + g + 10. Let y be q(-3). Let f = -196 + y. Calculate the highest common factor of f and 120.
15
Let p(z) = z**2 - 13*z + 20. Let q be p(12). Suppose -208 - q = -4*i. Suppose 8*j = 18 + i. Calculate the highest common divisor of 1 and j.
1
Suppose 8*v - 5*y + 77 = 5*v, 5*v = -3*y - 117. Let x be (16/v)/(-1*3/612). What is the highest common factor of x and 51?
17
Let u(i) = -46*i - 16. Let b be u(-2). Let l = -66 + b. Suppose -82 = -l*o + 728. Calculate the greatest common divisor of o and 9.
9
Let p be (3726/1656)/(-1 + (-81)/(-24) + -2). Calculate the greatest common factor of p and 1797.
3
Let j = 2201 + -1895. What is the greatest common divisor of j and 51?
51
Let c be ((-80)/6)/(-2)*3. Suppose 8*t - 5*t + 9 = 0. Let r(q) = -2*q**2 - 45*q - 113. Let u be r(t). What is the greatest common divisor of c and u?
4
Let x = -5447 + 5471. Calculate the greatest common factor of x and 872.
8
Suppose 7 = 2*y + 3. Suppose y*t = -10, -u - 3*t = 4 + 8. Let v be (-2)/(-11) + 17292/726. Calculate the highest common divisor of v and u.
3
Suppose -2*o - 105 = k - 302, 3*o = -5*k + 285. Let v = o + -79. What is the greatest common divisor of v and 273?
21
Let f(b) be the second derivative of -2*b**3/3 + 16*b**2 - 6*b. Let p be f(10). Let v be (-167)/(-4) - 2/p. Calculate the highest common divisor of 28 and v.
14
Let r be (-129150)/(-18) + 1*(-4 - (-21)/7). What is the greatest common divisor of r and 136?
34
Let f be 29/3 - 1/(-3). Let o be -1*30*(-4)/f. Suppose 4157 = 576*p - 451. Calculate the highest common factor of p and o.
4
Let o be (-14)/(-84) + 646/12. Calculate the highest common divisor of o and 8154.
54
Let n = 133 + -88. Let i be 1458/n - 4/10. Let r(u) = 12*u**2 - 11*u - 2. Let l be r(2). What is the greatest common divisor of l and i?
8
Let d(l) be the third derivative of -l**6/120 + 7*l**5/60 + l**4/12 + 5*l**3/3 + 24*l**2. Let p be d(7). What is the greatest common divisor of 40 and p?
8
Let o = 7606 + -6603. Calculate the greatest common divisor of o and 34.
17
Let k = 15978 - 6090. Calculate the greatest common factor of 32 and k.
32
Suppose -v - 4*v + 6 = -g, -10 = g - 3*v. Let a be (-24)/g*(-126)/1. Let h = -135 - a. Calculate the greatest common divisor of h and 135.
27
Suppose w + 1337*c = 1338*c + 9094, w + c = 9086. Calculate the highest common divisor of 180 and w.
90
Let n = 18 - -4. Suppose 2712 = 242*b + 210*b. What is the highest common factor of b and n?
2
Suppose -3 = v, 2*s - 6*s - 127 = 5*v. Let o be 24/2*s/(-12). Suppose 11*h = 5*h + 1176. Calculate the greatest common divisor of h and o.
28
Let x(i) = i**2 + 434*i - 18435. Let o be x(39). Let b = -3 - -11. Calculate the highest common divisor of o and b.
4
Suppose 0 = -43*z - 55*z + 54488. Calculate the greatest common factor of z and 2641.
139
Let x be 2067/(-8 - -9) + (-2 - 6). Calculate the greatest common factor of x and 87.
29
Let u be ((-24)/(-7))/(1/14). Let v = 1600 + -1516. Calculate the greatest common divisor of v and u.
12
Suppose 1403 = 4*z + t, 6*z - 5*t = 3*z + 1081. Let l = 855 + -833. Calculate the highest common divisor of z and l.
22
Suppose 3*v = -0*v - 3*r + 30, 4*v = r + 60. Suppose 0*p + 2*p - 16 = 2*n, 4*p = -5*n + v. Calculate the greatest common divisor of 24 and p.
6
Let g = -1217 - -5105. Suppose 28*s - 4*s = g. What is the highest common divisor of s and 36?
18
Let g = -409 + 770. Let z = -317 + g. What is the highest common factor of 198 and z?
22
Let t(o) = 11*o + 5. Let g be t(4). Let q = -35 + g. Calculate the greatest common divisor of 42 and q.
14
Suppose -4*w + 109 = -5*r - 135, 3*r = -24. Let d = 87 + -19. Calculate the highest common factor of d and w.
17
Let b = -15 - -15. Let v be 519 + 11 + (-1 + b)*3. Calculate the highest common factor of v and 17.
17
Let i = 304 + -307. Let w(x) = 4*x**2 - 15*x - 33. Let n be w(i). What is the highest common divisor of n and 36?
12
Suppose 6*j - 152 - 118 = 0. Let c be 1/(j/11 - 4). Suppose 65*x - 440 = 60*x. Calculate the highest common factor of c and x.
11
Let t = -175 - -179. Suppose 34 = 4*v - t*l - 14, 4*v = -5*l + 30. Let x be (-605)/(-20) - (-1)/(-4). What is the highest common factor of v and x?
10
Let d(o) = 2*o**2 + 7*o - 19. Let f be d(-9). Let g = f + 72. What is the greatest common factor of g and 228?
76
Suppose 5*p = 4*p + 308. Suppose -43*r + 39*r = p. Let z = 101 + r. Calculate the highest common divisor of z and 18.
6
Suppose 5*b = -5, 2*b - 7 = 3*j - 39. Suppose 2*k + j*w - 336 = 12*w, 2*k - 4*w = 332. Calculate the greatest common factor of k and 425.
85
Let u(d) = 19*d**2 - 77*d - 65. Let s be u(5). Suppose -6*i - 4 = -i - 2*f, 2*i - 4*f = 8. Let x be 27/5 + i/5. Calculate the highest common divisor of x and s.
5
Let q = -10 + 10. Suppose 0*b - 3*b + q*b = 0. Suppose -800 = -b*d - 5*d. Calculate the greatest common divisor of d and 32.
32
Let m be 200/14 + (40/(-28))/5. Suppose -m*y + 96 = -8*y. Suppose y*l + 175 = 21*l. What is the highest common divisor of 7 and l?
7
Let a be ((-1260)/75 + 28)/(1/15). What is the greatest common divisor of a and 126?
42
Suppose -38*w + 42*w - 36 = -d, 0 = -2*d + 3*w + 39. Calculate the greatest common divisor of 456 and d.
24
Let c = 1008 - -1929. What is the greatest common factor of 99 and c?
33
Let k(b) = -3*b**3 - 63*b**2 + 66*b + 72. Let r be k(-22). Calculate the highest common divisor of 2628 and r.
36
Let r = -15944 - -16070. Suppose -4*d = 2*w - 676, 3*d + 4*w - 53 = 459. Calculate the greatest common divisor of r and d.
42
Suppose -873*f + 799 = -856*f. What is the highest common divisor of 5 and f?
1
Suppose 17*y = -6057 + 16461. Let u = y - 558. What is the highest common factor of u and 72?
18
Let r(k) = -2*k**3 + 4*k**2 + 27*k - 6. Let s be r(-4). What is the highest common factor of s and 2262?
78
Suppose -3*a + 233 = -4*d, -8*d + 319 = 4*a - 5*d. What is the greatest common divisor of 9 and a?
1
Let z = 287 - 251. Suppose z*l = 12*l + 24. Suppose -10 = -0*h - 2*h. What is the highest common factor of l and h?
1
Let u = 307 + -302. Suppose -133 = -4*i + u*k, 0*k + k = -1. What is the greatest common factor of 288 and i?
32
Suppose 6*t - 73 = 5*t. Suppose -2920 = 687*r - 692*r. Calculate the highest common factor of r and t.
73
Suppose 5*o - 112 = -87. Suppose o*n = -9*k + 11*k + 160, -k = 0. What is the greatest common factor of 2 and n?
2
Let m be ((-12)/2)/(-6 + 4). Suppose -5*w + 87 = k + 96, -4*k + 5*w + 39 = 0. Calculate the highest common divisor of k and m.
3
Let k = -3439 - -6994. Calcu